late the highest common factor of 30 and h.
6
Let o = 15 + 35. What is the highest common divisor of 10 and o?
10
Let s = 1 - 1. Let i be 0 - 3*(-1 - s). Suppose -3*a + 2*h + 65 = -i*h, -3*a + h + 61 = 0. Calculate the highest common divisor of a and 10.
10
Let l be 0 + 0 + 2 + 14. Suppose 0 = j + j. Let r(p) = -p + 112. Let y be r(j). What is the highest common factor of y and l?
16
Let q be -8*1 - (-2 + 1). Let h(z) = z**3 + 7*z**2 - 2*z - 10. Let l be h(q). Let d(k) = 4*k**2. Let u be d(3). What is the greatest common factor of u and l?
4
Suppose -80 = 12*r - 17*r. What is the highest common divisor of 80 and r?
16
Let w be (-426)/(-27) + (-4)/(-18). Suppose 0 = -n + 3*n - 160. Calculate the greatest common factor of n and w.
16
Let m be (-50*(-4)/8)/1. Suppose -1 = 4*f - m. Let o(t) = 3*t**2 + 7*t + 4. Let v be o(-4). What is the highest common factor of v and f?
6
Let y = -3 - -12. Suppose 4*d - 2*d = 0, 126 = 2*b - d. What is the highest common divisor of y and b?
9
Let p(a) = a**3 - 3*a**2 + 1. Let w be p(3). Suppose 28 = 4*f - 2*d, 0 = -2*f - 4*d - w + 5. Calculate the greatest common divisor of f and 24.
6
Let m(w) = -w**2 + 2*w + 108. Let r be m(0). What is the highest common divisor of r and 27?
27
Suppose 6*j - j - 2 = -2*y, 5 = 5*y + 4*j. Let c be 0*((-1)/y)/(-1). Suppose c = 5*v - v - 324. What is the greatest common factor of v and 9?
9
Let g = -21 - -31. Let q be (-100)/(-8)*8/g. What is the highest common factor of 110 and q?
10
Let z be 3*((2 - 0) + 1). Calculate the greatest common divisor of 9 and z.
9
Let p be ((-35)/14)/((-3)/30 - 0). Calculate the greatest common factor of 200 and p.
25
Suppose 0 = -w + 3*w + 12. Let d = 42 + -53. Let a = w - d. Calculate the highest common divisor of a and 10.
5
Let j = 55 + -25. Let v = -24 - -69. Calculate the greatest common factor of v and j.
15
Let c be ((-127)/4)/((-1)/(-4)). Let h be c/5 + 4/10. Let d = -7 - h. Calculate the greatest common factor of d and 45.
9
Suppose 2*o = 2*x + 321 + 749, -3*x - 2145 = -4*o. Suppose 0 = -2*t - t + o. What is the highest common divisor of t and 20?
20
Let t be 4 + (-4)/1 - -18. What is the greatest common factor of t and 6?
6
Let m be ((-24)/(-2))/((0 + 2)/2). What is the greatest common factor of 156 and m?
12
Suppose 0*a - 3*a + 21 = 0. Let m be 2/(-4) + 5/2. Suppose -m*w + 36 = -6. Calculate the greatest common divisor of w and a.
7
Let o(z) = -4*z - 3. Let d be o(-2). Suppose d*m + 53 = 4*n, 6*n - 4*n = 4. Let q = 12 - m. What is the greatest common divisor of q and 147?
21
Let b be 14/21 + 1/3. Let t be 0 + (13 - 3/b). What is the highest common factor of 10 and t?
10
Suppose 24 = 3*s - 4*y, -2*y = -3*s - 0 + 30. Calculate the highest common factor of s and 3.
3
Let f(y) = -y**2 - 4*y + 8. Let a be f(-6). Let v be (-43)/a + (-3)/(-12). Let l be -2 + 22 - (0 + -2). What is the highest common divisor of v and l?
11
Let r(x) = 4*x**2 + x + 2. Let h be r(-3). Calculate the highest common factor of h and 5.
5
Let u = 16 - -4. Suppose 5*c = -2*k + u, 0 = -4*c - 4*k - 3 + 19. Suppose 5*j - 46 = -c*o, j - o + 28 = 5*j. Calculate the highest common divisor of 66 and j.
6
Let c = 4 + -3. Suppose -c - 24 = -5*k. What is the highest common divisor of k and 40?
5
Suppose -3*w = 6*t - 2*t - 17, -4*t = -w - 5. Suppose -4*j = -o + 6, o = -j - w*o - 10. Let a = 0 - j. Calculate the highest common factor of a and 20.
2
Let h(k) = -k + 8. Let u be (2 + 0)/(3/12). Let c be h(u). Suppose c = 2*r + 3*r - 275. Calculate the greatest common divisor of 11 and r.
11
Suppose 11 + 3 = 2*s. Let u(a) = a + 10. Let i be u(-8). Suppose -550 = i*z - s*z. Calculate the greatest common divisor of 10 and z.
10
Let f be 14/(-35)*(-160)/1. Calculate the highest common divisor of 32 and f.
32
Suppose 0 = -2*a - c + 31, 20 = 3*a - 2*a + 2*c. Suppose 14 = -2*g + 3*g. Calculate the greatest common factor of g and a.
14
Let i(l) = l**2 - 4*l - 13. Let z be i(-9). Let b = -8 - -34. Calculate the greatest common divisor of b and z.
26
Let v be 130/25 + (-1)/5. Suppose -v*r - 1 + 11 = 0. Let c(w) = 2*w**2 + 2*w - 2. Let k be c(-2). Calculate the highest common divisor of k and r.
2
Let d(r) = 4*r**2 - r - 4. Let w be d(-3). Calculate the greatest common factor of w and 7.
7
Suppose w = -5*w + 1344. What is the greatest common factor of w and 7?
7
Suppose 9*d = 3*c + 4*d - 103, 0 = -2*c - 2*d + 42. Calculate the greatest common factor of 208 and c.
26
Suppose -4*m + m + 4*y = -114, -y + 31 = m. Let c = m + -19. Suppose -q - 12 = -3*h + c, -4*h = -3*q - 31. What is the greatest common divisor of 20 and h?
10
Let n = 12 + -4. What is the greatest common factor of 16 and n?
8
Let d = 69 + -45. Suppose 37 + 35 = b. What is the highest common divisor of b and d?
24
Suppose 151*k = 155*k - 52. What is the highest common divisor of k and 169?
13
Let t(u) be the first derivative of u**4/4 + 2*u**3 + 5*u**2/2 + 10*u + 6. Let m be t(-5). What is the greatest common factor of m and 40?
10
Let f(m) = 11*m**2. Let n be f(-1). Let g(w) = -3 + 4*w**2 - 3*w**3 - 4*w + 2*w**3 + n*w. Let i be g(5). What is the highest common factor of 7 and i?
7
Suppose 7*y - 36 = 4*y. Calculate the highest common factor of y and 96.
12
Suppose 0 = -0*z - 5*z + 255. Calculate the highest common divisor of 34 and z.
17
Let t = 13 - 40. Let a be (-3)/(t/60)*3. Suppose 19 = 4*i + 3. What is the greatest common divisor of a and i?
4
Let n(r) = -r**3 - 4*r**2 - r - 5. Let k(u) = u**2 + 5*u + 1. Let z be k(-2). Let j be n(z). What is the greatest common factor of 50 and j?
25
Let h(d) = d**3 + 2*d**2 + d + 5. Let o be h(4). What is the greatest common factor of 15 and o?
15
Suppose -20 = 3*z + 13. Let w be (z/(-2))/(1/10). Suppose -o + 0 = -3*i + 4, 2 = 2*o - 4*i. What is the highest common factor of w and o?
11
Suppose s + 24 = -4*l - 3*s, -2*l = 3*s + 16. Let o be (1/(-2))/(l/24). Calculate the highest common divisor of o and 2.
2
Let f(g) = 4*g**2 + g + 1. Let h be f(-1). Suppose h*b - 16 = 3*z + 15, 27 = 4*b + z. Calculate the greatest common divisor of b and 77.
7
Let a(u) be the first derivative of -u**4/4 + u**3 + 3*u**2/2 + 3*u - 3. Let p be a(-2). What is the highest common divisor of p and 51?
17
Let k = -35 + 42. Calculate the highest common factor of 7 and k.
7
Suppose -4*j + 10 = j. Let s be 3 + -2 - (-2)/2. What is the highest common factor of s and j?
2
Let v(q) = q**3 - 11*q**2 - 2*q - 13. Let t(m) = -m**3 - 1. Let b(g) = 2*t(g) + v(g). Let r be b(-11). What is the highest common divisor of r and 7?
7
Let z(f) = -f**2 - 19*f - 6. Let d(p) = p**2 - 9*p + 5. Let o be d(7). Let u be z(o). What is the highest common divisor of 28 and u?
28
Suppose -8*p + 522 = -918. Calculate the highest common factor of 10 and p.
10
Let k = 71 - 38. Let l = 51 - k. Let h = 12 - 10. Calculate the greatest common divisor of h and l.
2
Let q = 140 + -56. Calculate the highest common divisor of 126 and q.
42
Suppose 4*b = -2*g + 284, 3*b = b + 4*g + 152. Calculate the highest common divisor of 8 and b.
8
Suppose -6*g = -38 + 8. Suppose s = g + 35. What is the greatest common factor of s and 100?
20
Let w be 3 - (-4)/(4/2). Let l(v) = 2*v**2 + v - 1. Let m be l(-2). Calculate the highest common factor of w and m.
5
Suppose -82 = -2*o + 4*b, 4*o + 2*b - 6*b = 152. What is the highest common factor of 7 and o?
7
Let o(y) = -y**2 - 7 - 5*y - y + 0*y - 3*y. Let w be o(-8). Calculate the highest common divisor of 2 and w.
1
Let p be 3/((-9)/(-6)) - 1. Let k be 2 + p/2*2. Suppose 3*o - 9 = -0*o. Calculate the greatest common factor of o and k.
3
Suppose 30 = -n + 4*n. Let m = 10 - 6. Suppose 2*l + 104 = 4*s - 214, -m*s + 322 = 2*l. What is the greatest common factor of n and s?
10
Let h be 12 + 0 + -5 + 3. What is the greatest common divisor of h and 20?
10
Let l(i) be the first derivative of -1/2*i**2 + 2 - 1/4*i**4 - 1/3*i**3 + 45*i. Let d be l(0). Calculate the highest common divisor of 5 and d.
5
Let f(n) be the third derivative of n**5/30 - n**4/3 - 2*n**3/3 + 3*n**2. Let i be f(7). Calculate the highest common factor of 57 and i.
19
Let u = 280 - 192. What is the greatest common divisor of u and 22?
22
Let b(g) = -8*g**3 - 1. Let k be b(-1). Suppose 0*n - 4*l - 8 = 4*n, 5*n = 5*l - 10. Let s = n - -9. Calculate the greatest comm